he highest common factor of y and 154?
14
Let h(o) = 3*o**2 + 21*o + 50. Let a be h(-7). What is the highest common divisor of 10 and a?
10
Let w = 30 + -10. Suppose t - 5*t + w = 0, 5*o = 4*t - 20. Suppose o = 12*a - 10*a - 22. Calculate the highest common divisor of 11 and a.
11
Let i be 6/8 + 2/8. Let z(h) = h**3 + 9*h**2 + 7*h - 6. Let r be z(-8). Let y be (8 - 0) + r/i. What is the greatest common factor of y and 2?
2
Let r be 3 - ((-5 - 2) + 1). Suppose 0 = -5*l + o + r, -l + 0*l = -o - 1. Let b(z) = z + 1. Let y be b(0). What is the highest common factor of l and y?
1
Suppose 0 = 3*u + 16 - 34. Suppose -27 = -u*d + 3*d. Let n be ((-2)/(-2))/((-2)/(-6)). Calculate the highest common divisor of n and d.
3
Let d be 5/10 - (-2)/(-4). Suppose -r - 3*v = -d*v - 49, -v - 2 = 0. Suppose -r = -3*f - 2*f. Calculate the highest common factor of 88 and f.
11
Suppose -4*g + 57939 = -49133. Let n be g/152 - 4/38. What is the highest common divisor of 16 and n?
16
Suppose 223 = 5*o - 327. Let d(t) = 10*t - 22*t + 13*t. Let k be d(10). What is the highest common factor of k and o?
10
Suppose g + 67 = -0*g. Let n = 122 + g. Let h = -20 + 42. What is the greatest common divisor of n and h?
11
Let c(r) be the second derivative of r**3/3 - r**2 - 380*r. Let v be 22/6 + 4/(-6). Let s be c(v). What is the greatest common factor of s and 12?
4
Let w(s) = -2*s - 21. Let t be w(-10). Let r be (12*t)/((-6)/20). Calculate the greatest common factor of r and 10.
10
Let q = -3069 + 4774. Calculate the highest common factor of 55 and q.
55
Suppose -9 = b + 2*b. Let j(c) = c**3 + c**2 - 4*c - 2. Let z be j(b). Let p = z + 17. What is the greatest common divisor of 9 and p?
9
Let p(n) = -n**3 + 17*n**2 + 70*n - 4. Let i be p(-7). What is the highest common factor of i and 62?
62
Let j be 10/2 - 31464/(-171). What is the greatest common divisor of 336 and j?
21
Suppose -j + 78 = -2*j. Let r = 111 + j. Let n(z) = z**2 + 6*z + 4. Let k be n(-7). What is the highest common divisor of r and k?
11
Let a be 645*21/(-175)*-5. Calculate the greatest common factor of a and 43.
43
Suppose 65 = q - 6*q. Let h = q - -18. Calculate the greatest common divisor of 20 and h.
5
Suppose -2*o + 16 + 2 = 0. Let t be 52 + -1 + (-116 - -128). What is the greatest common factor of t and o?
9
Suppose -5*d + 5*f + 40 = 0, 3 = 3*d + 4*f - 35. Suppose -3*n + 21 = -54. Calculate the highest common factor of d and n.
5
Let y be -6*((-2)/(-4) + -1). Suppose 5*d = -5*s + 330, -y*d + 3*s + 354 = 2*d. What is the highest common factor of d and 23?
23
Let v = 1872 + 55. Calculate the greatest common divisor of v and 47.
47
Suppose 23 = -3*p - 4*r + 531, 3*p - 5*r - 553 = 0. Calculate the greatest common factor of p and 64.
16
Let q be (-9)/(-36) + 939/4. Suppose 0 = -5*g - 5*t + 510, -3*g = 4*t - q - 71. What is the highest common factor of 68 and g?
34
Suppose -6*y + 3*y = -420. Let t = y - 32. Let x = -233 - -245. Calculate the greatest common factor of t and x.
12
Let g(o) = -13 - 7*o**2 + 4*o + 4*o + 8*o**2. Let a be g(-10). Calculate the highest common divisor of 28 and a.
7
Let u be (-8)/(-12) - (178/3)/(-1). Suppose -3*k = 3*o - u, 3*k = 2*k + o + 10. What is the greatest common factor of 120 and k?
15
Let z(r) be the first derivative of 10*r**3/3 + r**2 - 2*r - 4. Let a be z(1). Calculate the highest common divisor of 10 and a.
10
Suppose 1311 = -11*j + 30*j. Calculate the highest common divisor of 23 and j.
23
Suppose 2 + 28 = -5*f. Let q be 4/f - 1150/(-15). Let a(h) = -3*h + 7. Let k be a(-4). Calculate the greatest common factor of q and k.
19
Suppose 0 = 5*d + 5, d + 324 = q - 421. Calculate the highest common factor of 24 and q.
24
Suppose 0 = 5*a + 4*u - 2515, -3*a = -3*u - 98 - 1411. Suppose 125 = -14*c + a. Calculate the highest common factor of c and 3.
3
Let z(x) = x**3 + 13*x**2 + 5*x. Let h be z(-12). Let d be (-186)/(-15) - 4/10. Calculate the highest common factor of d and h.
12
Let z(i) = -i**3 - 4*i**2 - 7*i. Let p be z(-3). Suppose 3*x = 7*x - p. What is the greatest common divisor of x and 2?
1
Suppose 2 = -v - 0*v, -r + 5*v + 20 = 0. Let n = r + 30. Calculate the highest common factor of n and 50.
10
Suppose -13 = 6*x - 115. Calculate the highest common divisor of x and 119.
17
Let s = 578 - 562. What is the highest common divisor of 11 and s?
1
Let h be (-2)/(-5) - 1*(-2907)/45. What is the highest common factor of h and 80?
5
Suppose -2*w - 6 = -26. Let k = w - -6. Let z(h) = -h**3 + 16*h**2 + 12*h - 3. Let m be z(k). Calculate the highest common divisor of m and 21.
21
Let g = 38 - 28. Let o = 44 - g. What is the greatest common factor of o and 68?
34
Let u(a) = 2*a**2 - 5*a + 5. Let i be u(4). Suppose 0 = 4*g + 2*p - 28, -g + 4*p = 2*p - i. What is the highest common divisor of 1 and g?
1
Suppose -2*q + 3*q = 5. Suppose q*j + 34 = 124. Calculate the greatest common divisor of j and 27.
9
Let y(t) = 12 - t**2 - 4*t + 0*t**2 + 5*t + t. Let a be y(0). What is the highest common factor of a and 54?
6
Let k = 54 + -21. Let s = k + 233. Calculate the greatest common factor of s and 38.
38
Let o = -23 - -19. Let j(n) = n**3 + 9*n**2 - 4*n - 1. Let a be j(o). Let g(b) = 2*b**3 + b + 1. Let z be g(2). What is the greatest common divisor of a and z?
19
Let r = 51 + -31. Let z = -112 - -122. Calculate the highest common factor of r and z.
10
Let q(u) = -u**2 - 10*u - 12. Let o be q(-5). Calculate the highest common divisor of 13 and o.
13
Let l = -35 + 36. Let q be 8/(-12)*l + (-106)/(-6). Calculate the greatest common divisor of q and 85.
17
Let l = -13 - -27. Suppose -3*k + l = -19. What is the highest common factor of k and 55?
11
Suppose 15*f = 7*f + 40. Suppose 3*i - f = -5*b, 2*b + i + 0 - 3 = 0. What is the highest common divisor of b and 4?
4
Let u = 7 - -11. Suppose b + 446 - 491 = 0. What is the greatest common divisor of b and u?
9
Suppose -2*x = -6, 5*h - 2*x + 34 = 303. Calculate the highest common divisor of h and 15.
5
Let p be 1*(-1 + -9)*(-627)/285. What is the highest common factor of 550 and p?
22
Let z be ((-4)/(-12))/(-1) - 244/(-3). Let u be z/((9/(-4))/(-3)) - 0. Calculate the highest common divisor of 36 and u.
36
Suppose -19*v + 16*v = -27. Let s be (2 - v/(6 - 3)) + 4. Calculate the highest common divisor of 33 and s.
3
Let q be (1 - -1)*2618/28. What is the highest common factor of 11 and q?
11
Suppose r - 17*k - 72 = -15*k, 2*r + 2*k - 120 = 0. What is the greatest common factor of 216 and r?
8
Suppose 302*n = 312*n - 2800. Calculate the highest common factor of 315 and n.
35
Suppose 4*t + 4*n = 520, -3*t - 4*n + 380 = -3*n. What is the highest common factor of 50 and t?
25
Suppose -2*p + 2*c = -c - 128, 148 = 2*p + 2*c. Suppose -30 = -3*u - 2*s - s, 5*s = 5*u - p. Calculate the greatest common divisor of u and 36.
12
Let u = -54 - -64. Suppose 38 = -3*f + 5*f. Let r = f - u. Calculate the greatest common factor of 18 and r.
9
Suppose -51*b = -49*b - 10. Suppose -82 = -b*y - 2. What is the highest common divisor of 48 and y?
16
Suppose 6*n + n = 35. Suppose n*c - 67 - 9 = k, -8 = -2*k. What is the highest common factor of c and 64?
16
Let r = 133 - 136. Let o be r*(4/(-8) - (-10)/(-4)). What is the highest common divisor of o and 63?
9
Let c(q) = 123*q - 219. Let w be c(13). What is the greatest common divisor of 20 and w?
20
Let u(z) = -z**2 + 16*z + 69. Let s be u(19). Let c = 3 - -5. What is the highest common factor of s and c?
4
Suppose 0*s + 2*s = -t - 6, -2*s = 4. Let p be 1 + 0 + 15/5 - t. Calculate the highest common factor of 3 and p.
3
Suppose 3*i = -2*v + 89, 3*v + 0 = -i + 39. Let a(l) = 2*l**3 - 5*l**2 + 2*l + 3. Let f be a(3). What is the highest common divisor of f and i?
9
Suppose -4*t - 590 = -9*t. Suppose 75 = o - 5*f, -o - 4*f + 2 + t = 0. Let l(p) = 3*p - 58. Let d be l(26). What is the highest common factor of d and o?
20
Suppose 3*j - 485 + 17 = 0. Suppose 4*z = 136 + j. Suppose -5*t = -z - 2. Calculate the highest common divisor of 10 and t.
5
Suppose 4*y - 4*v - 44 = -3*v, 3*y + 2*v - 22 = 0. Let s = 16 - 6. Calculate the highest common divisor of s and y.
10
Let t = 1 + 0. Suppose 8*y - 2*y = 450. Let n be ((-20)/(-6))/(50/y). What is the greatest common divisor of n and t?
1
Let n = -1257 - -1289. Calculate the highest com